{"id":3101,"date":"2025-10-06T13:46:37","date_gmt":"2025-10-06T11:46:37","guid":{"rendered":"https:\/\/hauhof.de\/?page_id=3101"},"modified":"2025-10-06T13:49:00","modified_gmt":"2025-10-06T11:49:00","slug":"fuer-deinen-urlaub-mit-hund","status":"publish","type":"page","link":"https:\/\/hauhof.de\/?page_id=3101","title":{"rendered":"F\u00fcr deinen Urlaub mit Hund"},"content":{"rendered":"\n<p><strong><br>Good to know: Versicherungsnummer deiner Hunde-Haftpflichtversicherun <\/strong><\/p>\n\n\n\n<p><strong>Auf Anfrage bekommst du von uns:<\/strong><\/p>\n\n\n\n<p>\u2022Handtuch oder Hundebademantel&nbsp;\u2022Kotbeutel<\/p>\n\n\n\n<p>Als hundefreundliche Pension sind wir erfahren im Umgang mit tierischen G\u00e4sten.<\/p>\n\n\n\n<p>Damit sich alle wohlf\u00fchlen, gibt es einige Regeln zu beachten.<\/p>\n\n\n\n<p>Generell sollte dein Hund aus hygienischen Gr\u00fcnden nicht im Bett schlafen.<\/p>\n\n\n\n<p>In der Pension, Hof, Terrasse und im Aufenthaltsraum und m\u00fcssen Hunde aus R\u00fccksicht auf andere G\u00e4ste und der Hauskatze an der Leine bleiben.<\/p>\n\n\n\n<p>L\u00e4ufige H\u00fcndinnen k\u00f6nne leider nicht mitgebracht werden, den hier lebt Milo, ein  Australien Shepard R\u00fcde<\/p>\n\n\n\n<p><\/p>\n","protected":false},"excerpt":{"rendered":"<p>Good to know: Versicherungsnummer deiner Hunde-Haftpflichtversicherun Auf Anfrage bekommst du von uns: \u2022Handtuch oder Hundebademantel&nbsp;\u2022Kotbeutel Als hundefreundliche Pension sind wir [&hellip;]<\/p>\n","protected":false},"author":1,"featured_media":0,"parent":0,"menu_order":0,"comment_status":"closed","ping_status":"closed","template":"","meta":{"footnotes":""},"class_list":["post-3101","page","type-page","status-publish","hentry"],"_links":{"self":[{"href":"https:\/\/hauhof.de\/index.php?rest_route=\/wp\/v2\/pages\/3101","targetHints":{"allow":["GET"]}}],"collection":[{"href":"https:\/\/hauhof.de\/index.php?rest_route=\/wp\/v2\/pages"}],"about":[{"href":"https:\/\/hauhof.de\/index.php?rest_route=\/wp\/v2\/types\/page"}],"author":[{"embeddable":true,"href":"https:\/\/hauhof.de\/index.php?rest_route=\/wp\/v2\/users\/1"}],"replies":[{"embeddable":true,"href":"https:\/\/hauhof.de\/index.php?rest_route=%2Fwp%2Fv2%2Fcomments&post=3101"}],"version-history":[{"count":4,"href":"https:\/\/hauhof.de\/index.php?rest_route=\/wp\/v2\/pages\/3101\/revisions"}],"predecessor-version":[{"id":3161,"href":"https:\/\/hauhof.de\/index.php?rest_route=\/wp\/v2\/pages\/3101\/revisions\/3161"}],"wp:attachment":[{"href":"https:\/\/hauhof.de\/index.php?rest_route=%2Fwp%2Fv2%2Fmedia&parent=3101"}],"curies":[{"name":"wp","href":"https:\/\/api.w.org\/{rel}","templated":true}]}}